{"version":"1.0","provider_name":"\u00c9let s\u00f3ja","provider_url":"https:\/\/eletsoja.cafeblog.hu","author_name":"Bag\u00f3 T\u00fcnde","author_url":"https:\/\/eletsoja.cafeblog.hu\/author\/bago_tunde\/","title":"135 \u00e9ves a n\u00e9met strandkos\u00e1r","html":"<p>Egy reum\u00e1s beteg \u00e9s egy kos\u00e1rfon\u00f3 k\u00f6z\u00f6s \u00f6tlete alapj\u00e1n sz\u00fcletett meg a strandkos\u00e1r, a n\u00e9met tengerpart jelk\u00e9pe.\u00a0<\/p>\r\n<p>\u00cdrj\u00e1tok be a keres\u0151t\u00f6kbe, hogy \"<em><strong>n\u00e9met tengerpart<\/strong><\/em>\", s n\u00e9zz\u00e9tek meg a k\u00e9peket! Az els\u0151 10 k\u00e9pben biztosan legal\u00e1bb 4 lesz olyan, amelyen a <em><strong>h\u00edres strandkos\u00e1r<\/strong><\/em> jelenik meg. Mondjuk \u00fagy, hogy <em><strong>N\u00e9metorsz\u00e1g egyik legh\u00edresebb jelk\u00e9pe<\/strong><\/em>, na persze egy kors\u00f3 s\u00f6r \u00e9s egy focilabda ut\u00e1n. :-)\u00a0<\/p>\r\n<p><a href=\"https:\/\/eletsoja.cafeblog.hu\/?attachment_id=7430\" rel=\"attachment wp-att-7430\"><img class=\"size-large wp-image-7430 aligncenter\" src=\"https:\/\/eletsoja.cafeblog.hu\/files\/2017\/06\/beach-672234_640-600x450.jpg\" alt=\"\" width=\"600\" height=\"450\" \/><\/a><\/p>\r\n<p>Nekem is tetszik, b\u00e1r kor\u00e1ntsem az\u00e9rt, ami\u00e9rt\u00a0<em><strong>Elfriede von Maltzahn<\/strong><\/em>-nak, a reum\u00e1s p\u00e1ciensnek tetszett. A h\u00f6lgy betegs\u00e9ge miatt nem akart lemondani a tengerparti ki\u00fcl\u00e9sr\u0151l, de reum\u00e1j\u00e1nak\u00a0nem tett volna j\u00f3t az \u00e9szaki partvid\u00e9k szeles id\u0151j\u00e1r\u00e1sa, s az er\u0151s nap. \u00cdgy <em><strong>a rostocki kos\u00e1rfon\u00f3val,\u00a0Wilhelm Bartelmannal<\/strong><\/em> \u00f6sszedugt\u00e1k fej\u00fcket, s <em><strong>kital\u00e1lt\u00e1k a t\u00f6k\u00e9letes strandsz\u00e9ket<\/strong> <\/em>sz\u00e1m\u00e1ra 1882-ben. \u00cdgy is nevezt\u00e9k m\u00e9g az els\u0151 modelleket, strandsz\u00e9kek!<\/p>\r\n[caption id=\"attachment_7428\" align=\"aligncenter\" width=\"400\"]<a href=\"https:\/\/eletsoja.cafeblog.hu\/?attachment_id=7428\" rel=\"attachment wp-att-7428\"><img class=\"wp-image-7428 size-large\" src=\"https:\/\/eletsoja.cafeblog.hu\/files\/2017\/06\/1897-00-00-Einsitzer-Strandkorb-mit-Fussbank_g-400x600.jpg\" alt=\"\" width=\"400\" height=\"600\" \/><\/a> www.bartelmann.com[\/caption]\r\n<p>Ezek m\u00e9g <em><strong>f\u0171zf\u00e1b\u00f3l \u00e9s n\u00e1db\u00f3l k\u00e9sz\u00fcltek<\/strong> <\/em>- m\u00e1sk\u00e9nt, mint a maiak - s csup\u00e1n egy szem\u00e9ly tudot benn\u00fck \u00fclni. Az emberek ekkoriban m\u00e9g szkeptikusan fogadt\u00e1k a k\u00e9s\u0151bbi szt\u00e1rt, s \u00e1ll\u00f3 mos\u00f3kos\u00e1rnak nevezt\u00e9k. A cs\u00fafol\u00f3d\u00e1snak azonban hamar v\u00e9geszakadt, s 1883-ban az Ostsee (Balti-tenger) mellett, <em><strong>Warnem\u00fcndeben Bartelmann feles\u00e9ge megnyitotta az els\u0151 strandkos\u00e1r k\u00f6lcs\u00f6nz\u0151t<\/strong><\/em>. A f\u00e9rj pedig m\u00e9g ebben az \u00e9vben elkezdi gy\u00e1rtani a k\u00e9t\u00fcl\u00e9ses v\u00e1ltozatot.\u00a0<\/p>\r\n[caption id=\"attachment_7429\" align=\"aligncenter\" width=\"600\"]<a href=\"https:\/\/eletsoja.cafeblog.hu\/?attachment_id=7429\" rel=\"attachment wp-att-7429\"><img class=\"wp-image-7429 size-large\" src=\"https:\/\/eletsoja.cafeblog.hu\/files\/2017\/06\/1905-00-00-Wilhelm-Elisabeth-Bartelmann_g-600x400.jpg\" alt=\"\" width=\"600\" height=\"400\" \/><\/a> Elizabeth \u00e9s Wilhelm Bartelmann Fot\u00f3 forr\u00e1sa: www.bartelmann.com[\/caption]\r\n<p>A k\u00f6vetkez\u0151 \u00e9vekben <em><strong>\u00faj modellek jelennek meg a piacon<\/strong><\/em>, l\u00e1btart\u00f3val, oldalasztallal, s k\u00f6ny\u00f6kl\u0151vel. A fejl\u0151d\u00e9s gyors, de nem teljesen az eredeti feltal\u00e1l\u00f3nak k\u00f6sz\u00f6nhet\u0151, mert \u0151 elmulasztotta a tal\u00e1lm\u00e1ny\u00e1t lev\u00e9detni.\u00a0<\/p>\r\n<p><em><strong>1897-ben Bartelmann egyik tan\u00edtv\u00e1nya<\/strong><\/em> jelent\u0151s fejleszt\u00e9ssel \u00e1ll el\u0151, <em><strong>\u00e1ll\u00edthat\u00f3 h\u00e1tt\u00e1ml\u00e1t szerkeszt<\/strong><\/em> a strandkos\u00e1rnak.\u00a0<\/p>\r\n[caption id=\"attachment_7427\" align=\"aligncenter\" width=\"600\"]<a href=\"https:\/\/eletsoja.cafeblog.hu\/?attachment_id=7427\" rel=\"attachment wp-att-7427\"><img class=\"wp-image-7427 size-large\" src=\"https:\/\/eletsoja.cafeblog.hu\/files\/2017\/06\/1912-00-00-Halblieger-im-Ostseebad-Binz_g-600x400.jpg\" alt=\"\" width=\"600\" height=\"400\" \/><\/a> www.bartelmann.com[\/caption]\r\n<p>Ma m\u00e1r valamennyi modellt ezekkel a kieg\u00e9sz\u00edt\u0151 funkci\u00f3kkal gy\u00e1rtj\u00e1k, oldalasztalk\u00e1val, l\u00e1btart\u00f3val \u00e9s \u00e1ll\u00edthat\u00f3 h\u00e1tt\u00e1ml\u00e1val. R\u00e9gi\u00f3nk\u00e9nt azonban van egy jelent\u0151s k\u00fcl\u00f6nbs\u00e9g. <em><strong>A Nordsee (\u00c9szaki-tenger) mellett haszn\u00e1lt kosarak sz\u00f6gletesebbek \u00e9s hegyesebbek, m\u00edg az Ostsee (Balti-tenger) partj\u00e1n haszn\u00e1latosak g\u00f6mb\u00f6lydedek \u00e9s \u00edveltebbek.<\/strong><\/em>\u00a0<\/p>\r\n[caption id=\"attachment_7425\" align=\"aligncenter\" width=\"600\"]<a href=\"https:\/\/eletsoja.cafeblog.hu\/?attachment_id=7425\" rel=\"attachment wp-att-7425\"><img class=\"wp-image-7425 size-large\" src=\"https:\/\/eletsoja.cafeblog.hu\/files\/2017\/06\/Strandkorb-Formen_g-600x400.jpg\" alt=\"\" width=\"600\" height=\"400\" \/><\/a> Fot\u00f3 forr\u00e1sa: www.bartelmann.com[\/caption]\r\n<p>A kosarak a mai napig fon\u00e1ssal k\u00e9sz\u00fclnek, amelyhez kb. <strong><em>500 m\u00e9ter m\u0171anyag szalagot haszn\u00e1lnak fel<\/em><\/strong>. Egy rutinos strandkos\u00e1rfon\u00f3nak 8 \u00f3r\u00e1ra van sz\u00fcks\u00e9ge, hogy elk\u00e9sz\u00fclj\u00f6n.<\/p>\r\n<p>Eml\u00edtettem, hogy nekem is tetszik, de mi\u00e9rt is? <em><strong>Olyan igazi elb\u00faj\u00f3s, a vil\u00e1gb\u00f3l kiszakad\u00f3s ki\u00fcl\u0151, amely egy emberekkel zs\u00fafolt helyen is intimm\u00e9 tudja var\u00e1zsolni a hangulatot.<\/strong><\/em> \u00c1t\u00f6lel \u00e9s kiz\u00e1rja a k\u00fclvil\u00e1got. Egyik nagy \u00e1lmom, hogy egy eg\u00e9sz napot \u00fclhessek az \u00c9szaki-tengern\u00e9l egy ilyen kos\u00e1rban a f\u00e9rjemmel. Rem\u00e9lem az \u00e1lom val\u00f3ra v\u00e1lik, s arr\u00f3l ti is \u00e9rtes\u00fclt\u00f6k majd.<\/p>\r\n<p>Addig azonban van itt <em><strong>m\u00e9g n\u00e9h\u00e1ny \u00e9rdekess\u00e9g a strandkos\u00e1rr\u00f3l:<\/strong><\/em><\/p>\r\n<p>K\u00e9pzelj\u00e9tek, <em><strong>nemcsak \u00fcl\u00e9sre haszn\u00e1lhat\u00f3, hanem fut\u00e1sra is!<\/strong><\/em> Hogyan? Nos \u00fagy, hogy k\u00e9t oldalt van egy-egy fog\u00f3ja, k\u00e9t ember megragadja \u00e9s futni kezd vele. :-) S ebb\u0151l a sportb\u00f3l m\u00e9g vil\u00e1gbajnoks\u00e1got is rendeznek \u00e9vr\u0151l \u00e9vre Zinowitzban, az Ostsee partj\u00e1n. H\u00fasz m\u00e9tert kell futni a kos\u00e1rral \u00e9s az eddigi rekord 5 m\u00e1sodperc alatt van.\u00a0<\/p>\r\n<p><em><strong>A legh\u00edresebb strandkos\u00e1r<\/strong><\/em> c\u00edmet mindenk\u00e9ppen az kapta, amelyben egyszerre \u00fcltek a G8-cs\u00facs r\u00e9sztvev\u0151i, 2007-ben, Heiligendammban.<\/p>\r\n[caption id=\"attachment_7431\" align=\"aligncenter\" width=\"586\"]<a href=\"https:\/\/eletsoja.cafeblog.hu\/?attachment_id=7431\" rel=\"attachment wp-att-7431\"><img class=\"wp-image-7431 size-full\" src=\"https:\/\/eletsoja.cafeblog.hu\/files\/2017\/06\/image_manager__rex_popuppic_bgg8.jpg\" alt=\"\" width=\"586\" height=\"364\" \/><\/a> Fot\u00f3 forr\u00e1sa: www.korbwerk.de[\/caption]\r\n<p>Ugyanakkor <em><strong>a legnagyobb kos\u00e1r<\/strong><\/em> c\u00edmet nem ez kaphatja, mert 2014-ben Heringsdorfban 91 ember \u00fclt a vil\u00e1g legnagyobb strandkosar\u00e1ban, amelyet 3 km-nyi szalagb\u00f3l fontak, 3,5 k\u00f6bm\u00e9ternyi f\u00e1t haszn\u00e1ltak hozz\u00e1 \u00e9s \u00f6sszesen 85 n\u00e9gyzetm\u00e9ternyi.\u00a0<\/p>\r\n[caption id=\"attachment_7432\" align=\"aligncenter\" width=\"586\"]<a href=\"https:\/\/eletsoja.cafeblog.hu\/?attachment_id=7432\" rel=\"attachment wp-att-7432\"><img class=\"wp-image-7432 size-full\" src=\"https:\/\/eletsoja.cafeblog.hu\/files\/2017\/06\/image_manager__rex_popuppic_pressegroessterstrandkorb.jpg\" alt=\"\" width=\"586\" height=\"364\" \/><\/a> www.korbwerk.de[\/caption]\r\n<p>Ma is fejl\u0151dik m\u00e9g a nagy szt\u00e1r, hiszen m\u00e1r <strong><em>kaphat\u00f3 egy fekv\u0151 v\u00e1ltozat is<\/em><\/strong>, amelyb\u0151l m\u00e1r nemcsak a tengerparti sz\u00e9l \u00e9lvezhet\u0151, hanem s\u00f6t\u00e9ted\u00e9s ut\u00e1n a csillagok is k\u00e9nyelmesen leshet\u0151ek. Ha szeretn\u00e9tek a legcsinosabb darabokat megcsod\u00e1lni, akkor kukkantsatok be <a href=\"http:\/\/www.korbwerk.de\/\" target=\"_blank\" rel=\"noopener noreferrer\">erre az oldalra<\/a>!<\/p>\r\n<p style=\"text-align: center\"><em><strong>K\u00f6sz\u00f6nj\u00fck h\u00e1t\u00a0Elfriede von Maltzahnnak \u00e9s\u00a0Wilhelm Bartelmann-nak az \u00e9szaki szt\u00e1rt, akinek ez\u00faton is k\u00edv\u00e1nunk nagyon boldog sz\u00fclinapot!<\/strong><\/em><\/p>","type":"rich","thumbnail_url":"https:\/\/eletsoja.cafeblog.hu\/files\/2017\/06\/beach-672234_640-150x150.jpg","thumbnail_width":150,"thumbnail_height":150}

Élet sója

Bagó Tünde

135 éves a német strandkosár

<p>Egy reumás beteg és egy kosárfonó közös ötlete alapján született meg a strandkosár, a német tengerpart jelképe. </p>
<p>Írjátok be a keresőtökbe, hogy "<em><strong>német tengerpart</strong></em>", s nézzétek meg a képeket! Az első 10 képben biztosan legalább 4 lesz olyan, amelyen a <em><strong>híres strandkosár</strong></em> jelenik meg. Mondjuk úgy, hogy <em><strong>Németország egyik leghíresebb jelképe</strong></em>, na persze egy korsó sör és egy focilabda után. :-) </p>
<p><a href="https://eletsoja.cafeblog.hu/?attachment_id=7430" rel="attachment wp-att-7430"><img class="size-large wp-image-7430 aligncenter" src="https://eletsoja.cafeblog.hu/files/2017/06/beach-672234_640-600x450.jpg" alt="" width="600" height="450" /></a></p>
<p>Nekem is tetszik, bár korántsem azért, amiért <em><strong>Elfriede von Maltzahn</strong></em>-nak, a reumás páciensnek tetszett. A hölgy betegsége miatt nem akart lemondani a tengerparti kiülésről, de reumájának nem tett volna jót az északi partvidék szeles időjárása, s az erős nap. Így <em><strong>a rostocki kosárfonóval, Wilhelm Bartelmannal</strong></em> összedugták fejüket, s <em><strong>kitalálták a tökéletes strandszéket</strong> </em>számára 1882-ben. Így is nevezték még az első modelleket, strandszékek!</p>
[caption id="attachment_7428" align="aligncenter" width="400"]<a href="https://eletsoja.cafeblog.hu/?attachment_id=7428" rel="attachment wp-att-7428"><img class="wp-image-7428 size-large" src="https://eletsoja.cafeblog.hu/files/2017/06/1897-00-00-Einsitzer-Strandkorb-mit-Fussbank_g-400x600.jpg" alt="" width="400" height="600" /></a> www.bartelmann.com[/caption]
<p>Ezek még <em><strong>fűzfából és nádból készültek</strong> </em>- másként, mint a maiak - s csupán egy személy tudot bennük ülni. Az emberek ekkoriban még szkeptikusan fogadták a későbbi sztárt, s álló mosókosárnak nevezték. A csúfolódásnak azonban hamar végeszakadt, s 1883-ban az Ostsee (Balti-tenger) mellett, <em><strong>Warnemündeben Bartelmann felesége megnyitotta az első strandkosár kölcsönzőt</strong></em>. A férj pedig még ebben az évben elkezdi gyártani a kétüléses változatot. </p>
[caption id="attachment_7429" align="aligncenter" width="600"]<a href="https://eletsoja.cafeblog.hu/?attachment_id=7429" rel="attachment wp-att-7429"><img class="wp-image-7429 size-large" src="https://eletsoja.cafeblog.hu/files/2017/06/1905-00-00-Wilhelm-Elisabeth-Bartelmann_g-600x400.jpg" alt="" width="600" height="400" /></a> Elizabeth és Wilhelm Bartelmann Fotó forrása: www.bartelmann.com[/caption]
<p>A következő években <em><strong>új modellek jelennek meg a piacon</strong></em>, lábtartóval, oldalasztallal, s könyöklővel. A fejlődés gyors, de nem teljesen az eredeti feltalálónak köszönhető, mert ő elmulasztotta a találmányát levédetni. </p>
<p><em><strong>1897-ben Bartelmann egyik tanítványa</strong></em> jelentős fejlesztéssel áll elő, <em><strong>állítható háttámlát szerkeszt</strong></em> a strandkosárnak. </p>
[caption id="attachment_7427" align="aligncenter" width="600"]<a href="https://eletsoja.cafeblog.hu/?attachment_id=7427" rel="attachment wp-att-7427"><img class="wp-image-7427 size-large" src="https://eletsoja.cafeblog.hu/files/2017/06/1912-00-00-Halblieger-im-Ostseebad-Binz_g-600x400.jpg" alt="" width="600" height="400" /></a> www.bartelmann.com[/caption]
<p>Ma már valamennyi modellt ezekkel a kiegészítő funkciókkal gyártják, oldalasztalkával, lábtartóval és állítható háttámlával. Régiónként azonban van egy jelentős különbség. <em><strong>A Nordsee (Északi-tenger) mellett használt kosarak szögletesebbek és hegyesebbek, míg az Ostsee (Balti-tenger) partján használatosak gömbölydedek és íveltebbek.</strong></em> </p>
[caption id="attachment_7425" align="aligncenter" width="600"]<a href="https://eletsoja.cafeblog.hu/?attachment_id=7425" rel="attachment wp-att-7425"><img class="wp-image-7425 size-large" src="https://eletsoja.cafeblog.hu/files/2017/06/Strandkorb-Formen_g-600x400.jpg" alt="" width="600" height="400" /></a> Fotó forrása: www.bartelmann.com[/caption]
<p>A kosarak a mai napig fonással készülnek, amelyhez kb. <strong><em>500 méter műanyag szalagot használnak fel</em></strong>. Egy rutinos strandkosárfonónak 8 órára van szüksége, hogy elkészüljön.</p>
<p>Említettem, hogy nekem is tetszik, de miért is? <em><strong>Olyan igazi elbújós, a világból kiszakadós kiülő, amely egy emberekkel zsúfolt helyen is intimmé tudja varázsolni a hangulatot.</strong></em> Átölel és kizárja a külvilágot. Egyik nagy álmom, hogy egy egész napot ülhessek az Északi-tengernél egy ilyen kosárban a férjemmel. Remélem az álom valóra válik, s arról ti is értesültök majd.</p>
<p>Addig azonban van itt <em><strong>még néhány érdekesség a strandkosárról:</strong></em></p>
<p>Képzeljétek, <em><strong>nemcsak ülésre használható, hanem futásra is!</strong></em> Hogyan? Nos úgy, hogy két oldalt van egy-egy fogója, két ember megragadja és futni kezd vele. :-) S ebből a sportból még világbajnokságot is rendeznek évről évre Zinowitzban, az Ostsee partján. Húsz métert kell futni a kosárral és az eddigi rekord 5 másodperc alatt van. </p>
<p><em><strong>A leghíresebb strandkosár</strong></em> címet mindenképpen az kapta, amelyben egyszerre ültek a G8-csúcs résztvevői, 2007-ben, Heiligendammban.</p>
[caption id="attachment_7431" align="aligncenter" width="586"]<a href="https://eletsoja.cafeblog.hu/?attachment_id=7431" rel="attachment wp-att-7431"><img class="wp-image-7431 size-full" src="https://eletsoja.cafeblog.hu/files/2017/06/image_manager__rex_popuppic_bgg8.jpg" alt="" width="586" height="364" /></a> Fotó forrása: www.korbwerk.de[/caption]
<p>Ugyanakkor <em><strong>a legnagyobb kosár</strong></em> címet nem ez kaphatja, mert 2014-ben Heringsdorfban 91 ember ült a világ legnagyobb strandkosarában, amelyet 3 km-nyi szalagból fontak, 3,5 köbméternyi fát használtak hozzá és összesen 85 négyzetméternyi. </p>
[caption id="attachment_7432" align="aligncenter" width="586"]<a href="https://eletsoja.cafeblog.hu/?attachment_id=7432" rel="attachment wp-att-7432"><img class="wp-image-7432 size-full" src="https://eletsoja.cafeblog.hu/files/2017/06/image_manager__rex_popuppic_pressegroessterstrandkorb.jpg" alt="" width="586" height="364" /></a> www.korbwerk.de[/caption]
<p>Ma is fejlődik még a nagy sztár, hiszen már <strong><em>kapható egy fekvő változat is</em></strong>, amelyből már nemcsak a tengerparti szél élvezhető, hanem sötétedés után a csillagok is kényelmesen leshetőek. Ha szeretnétek a legcsinosabb darabokat megcsodálni, akkor kukkantsatok be <a href="http://www.korbwerk.de/" target="_blank" rel="noopener noreferrer">erre az oldalra</a>!</p>
<p style="text-align: center"><em><strong>Köszönjük hát Elfriede von Maltzahnnak és Wilhelm Bartelmann-nak az északi sztárt, akinek ezúton is kívánunk nagyon boldog szülinapot!</strong></em></p>
