{"version":"1.0","provider_name":"\u00c9let s\u00f3ja","provider_url":"https:\/\/eletsoja.cafeblog.hu","author_name":"Bag\u00f3 T\u00fcnde","author_url":"https:\/\/eletsoja.cafeblog.hu\/author\/bago_tunde\/","title":"\u0150szi \u00fati c\u00e9lok N\u00e9metorsz\u00e1gban","html":"<p>Ebben az orsz\u00e1gban rengeteg a fa, soha nem is gondoltam, hogy ennyi - lelkesedett egy ismer\u0151s\u00f6m, amikor v\u00e9gig kellett aut\u00f3znia N\u00e9metorsz\u00e1got \u00e9szakr\u00f3l d\u00e9lre \u00e9s keletr\u0151l nyugatra. M\u00e1r \u00f6nmag\u00e1ban ez a t\u00e9ny is el\u00e9g lenne ahhoz, hogy N\u00e9metorsz\u00e1got aj\u00e1nljam \u0151szi c\u00e9lpontnak, hiszen a sz\u00ednes erd\u0151k l\u00e1tv\u00e1nya m\u00e9g a sokat l\u00e1tott turist\u00e1t is leny\u0171g\u00f6zi.\u00a0<\/p>\r\n<p>Arra gondoltam, hogy megk\u00e9rdezem azokat a N\u00e9metorsz\u00e1gban \u00e9l\u0151 magyarokat, akik szeretnek kir\u00e1ndulni, nekik melyek a kedvenc kir\u00e1ndul\u00e1si c\u00e9lpontjaik \u0151sszel. Mert ugye m\u00e1r a m\u00faltkor is - <a href=\"https:\/\/eletsoja.cafeblog.hu\/2017\/08\/22\/bologna-a-tudos-kover-voros-varos\/\" target=\"_blank\" rel=\"noopener noreferrer\">Bologna kapcs\u00e1n<\/a> - fejtegettem, hogy a legjobb idegenvezet\u0151 mindig az, aki \u00e9ppen az adott helyen lakik.\u00a0<\/p>\r\n<p>Magam is meglep\u0151dtem, hogy milyen csod\u00e1s \u00fati c\u00e9lok ker\u00fcltek \u00edgy a l\u00e1t\u00f3k\u00f6r\u00f6mbe. A v\u00e9g\u00e9n persze magam is j\u00f6v\u00f6k nektek egy szuper aj\u00e1nlattal, nem fogj\u00e1tok kital\u00e1lni melyik k\u00f6rny\u00e9kr\u0151l. :-)<\/p>\r\n<p><em><strong>Weltenburg kolostor a Duna partj\u00e1n<\/strong><\/em><\/p>\r\n<p>Regensburg el\u0151tt, miel\u0151tt m\u00e9g a Duna \u00e9s a Rajna-Majna-Duna csatorna tal\u00e1lkozna egym\u00e1ssal tal\u00e1lhat\u00f3 a Donaudruchbuch term\u00e9szetv\u00e9delmi ter\u00fclet, ahol a Duna egy csod\u00e1s sz\u0171k\u00fcleten halad \u00e1t. \u00c9ppen itt, egy kanyarulatban helyezkedik el a Weltenburg kolostor. Nem mondom, j\u00f3l v\u00e1lasztottak helyet a szerzetesek maguknak. Haj\u00f3val csodasz\u00e9p l\u00e1tv\u00e1nyt ny\u00fajtanak a partvid\u00e9k szikl\u00e1i \u00e9s a k\u00f6rny\u00e9k erd\u0151i - aj\u00e1nlja D\u00f3ra. Szerinte nemcsak haj\u00f3val, hanem ker\u00e9kp\u00e1rral is \u00e9rdemes bej\u00e1rni a k\u00f6rny\u00e9ket. Ha Regensburg v\u00e1ros\u00e1t m\u00e1r l\u00e1ttuk, akkor kukkantsunk be Kellheimba vagy Kallm\u00fcntzbe. L\u00e1tv\u00e1nyban Regensburg ut\u00e1n is lesz r\u00e9sz\u00fcnk - legink\u00e1bb haj\u00f3r\u00f3l -, amikor megpillantjuk a Wallhalla-t, az ath\u00e9ni Pantheont id\u00e9z\u0151 templomot.<\/p>\r\n<p>[gallery columns=\"1\" size=\"full\" ids=\"8301,8297,8296\"]<\/p>\r\n<p><em><strong>Saarschleife - azaz a Saar-foly\u00f3 kanyarulat\u00e1nak vid\u00e9ke<\/strong><\/em><\/p>\r\n<p>Ahogyan Henriett \u00edrta nekem: \"csodasz\u00e9p minden \u00e9vszakban, de talan az \u0151szi sz\u00ednek adj\u00e1k meg az igazi hangulat\u00e1t. A k\u00f6rny\u00e9k is gy\u00f6ny\u00f6r\u0171, \u00e9rdemes Mettlach-ot \u00e9s Saarburgot is bebarangolni, a k\u00e9t kisv\u00e1ros k\u00f6z\u00f6tti, a Saar foly\u00f3 ment\u00e9n l\u00e9v\u0151 \u00fat pedig egyszer\u0171en l\u00e9lekemel\u0151\". El\u00e9g csak a fot\u00f3kra r\u00e1n\u00e9zni, s m\u00e1r induln\u00e1nk is a Cloef szikl\u00e1khoz, ahonnan a legszebb panor\u00e1m\u00e1t kapjuk a Saar-foly\u00f3 kanyarulat\u00e1ra. Saarburgban ki ne hagyjuk a v\u00e1rromot, ahonnan szint\u00e9n csod\u00e1s kl\u00e1t\u00e1sban lehet r\u00e9sz\u00fcnk a v\u00e1rosra \u00e9s a k\u00f6zeli sz\u0151l\u0151hegyekre. S innen m\u00e1r csak egy ugr\u00e1s a legr\u00e9gebbi n\u00e9met v\u00e1ros Trier is.<\/p>\r\n<p>[gallery columns=\"1\" size=\"full\" ids=\"8294,8292,8291,8290\"]<\/p>\r\n<p><em><strong>Herborn v\u00e1rosa \u00e9s k\u00f6rny\u00e9ke, Hessen<\/strong><\/em><\/p>\r\n<p>Brigitta szerint Herborn, ez a t\u00f6rt\u00e9nelmi v\u00e1ros fagerend\u00e1s h\u00e1zaival \u00e9s a k\u00f6rny\u00e9ke minden \u00e9vszakban csod\u00e1s. Igen gazdag t\u00f6rt\u00e9nelmi eml\u00e9kekben, v\u00e1rakban a k\u00f6rny\u00e9k: Dillenburg \u00e9s Marburg v\u00e1rait nem szabad kihagyni az erre j\u00e1r\u00f3 turist\u00e1nak, ahogyan Greifenstein l\u00e1togathat\u00f3 v\u00e1r\u00e1t sem. \u0150sszel itt is a sok erd\u0151 m\u00e9g sz\u00ednesebb\u00e9 teszi a t\u00e1jat, s sok a t\u00fara\u00fatvonal is.<\/p>\r\n<p>[gallery columns=\"1\" size=\"full\" ids=\"8289,8288,8287\"]<\/p>\r\n<p><strong><em>Allg\u00e4u - Bajororsz\u00e1g<\/em><\/strong><\/p>\r\n<p>Edina \u00e9s J\u00f3zsef egyar\u00e1nt aj\u00e1nlotta Garmisch-Partenkirchen k\u00f6rny\u00e9k\u00e9t, ott is k\u00e9t tavat, az Eibsee-t \u00e9s a Plansee-t. Azt meghiszem, hogy a bajor Alpok k\u00f6rny\u00e9ke,\u00a0Allg\u00e4u vid\u00e9ke \u0151sszel is csod\u00e1s. Nemr\u00e9g \u00edrtam nektek augusztusi otttart\u00f3zkod\u00e1sunkr\u00f3l, s el\u00e9g csak r\u00e1n\u00e9znem f\u00e9rjem azon fot\u00f3j\u00e1ra, amelyet a Neuschwainstein kast\u00e9ly mell\u0151l k\u00e9sz\u00edtett a vid\u00e9kr\u0151l, s m\u00e1ris tudom, hogy pomp\u00e1zatos lehet, amikor elkezdenek s\u00e1rgulni a levelek. J\u00f3zsef pedig egy dr\u00f3nfot\u00f3t mutatott nekem, amelyr\u0151l a Plansee k\u00e1pr\u00e1ztat el benn\u00fcnket, azt hiszem itt sem k\u00e9rd\u00e9ses, hogy \u0151sszel j\u00f3 v\u00e1laszt\u00e1s ide kir\u00e1ndulni.<\/p>\r\n<p>[gallery columns=\"1\" size=\"full\" ids=\"8286,8237,8236,8239\"]<\/p>\r\n<p><em><strong>Bodeni-t\u00f3 - D\u00e9l-N\u00e9metorsz\u00e1g<\/strong><\/em><\/p>\r\n<p>S nem tudom kihagyni, hogy aj\u00e1nljam nektek saj\u00e1t lak\u00f3helyemet \u0151sszel. A Bodeni-t\u00f3 k\u00f6r\u00fcl ilyenkor kezd \u00e9rni az alma, a sz\u0151l\u0151. Ha v\u00e9gigaut\u00f3ztok az \u00e9szaki parton, s bet\u00e9rtek a gazdas\u00e1gi utakra, akkor nemcsak a t\u00f3 \u00e9s az Alpok, hanem az \u00fcltetv\u00e9nyek sz\u00e9ps\u00e9ge is mag\u00e1val ragad majd titeket. Nem besz\u00e9lve arr\u00f3l, hogy a t\u00f3 k\u00f6r\u00fcl rengeteg a jobbn\u00e1l jobb m\u00fazeum, ahol napokat lehet elt\u00f6lteni akkor is, ha esetleg esne az es\u0151. Friedrichshafenben a rep\u00fcl\u0151k, s az iskolam\u00fazeum, Dornbirnban a Rolls-Royce m\u00fazeum, Uhldingenben az aut\u00f3 \u00e9s traktorm\u00fazeum, Stein am Rheinban a Lindwurm M\u00fazeum, a H\u00f6riben a fest\u0151k \u00e9s \u00edr\u00f3k m\u00fazeumai - hogy csak \u00e9ppen n\u00e9h\u00e1nyat eml\u00edtsek. Ha szeretn\u00e9tek a tavat jobban megismerni, akkor olvass\u00e1tok el a k\u00f6nyvemet, amely az eg\u00e9sz vid\u00e9ket - h\u00e1rom orsz\u00e1got \u00e9rint\u0151 t\u00e1jat - mutat be fot\u00f3kkal, hasznos inform\u00e1ci\u00f3kkal. A k\u00f6nyv kaphat\u00f3 a Libri \u00e9s L\u00edra \u00e1ruh\u00e1zaiban \u00e9s online is, valamint k\u00f6zvetlen\u00fcl a <a href=\"https:\/\/publioboox.com\/hu_HU\/a-bodeni-to\" target=\"_blank\" rel=\"noopener noreferrer\">kiad\u00f3n\u00e1l itt<\/a>. S r\u00e9szletesen i<a href=\"https:\/\/eletsoja.cafeblog.hu\/2017\/08\/08\/igy-lett-egy-uttoros-kirandulasbol-utikonyv-a-bodeni-torol\/\" target=\"_blank\" rel=\"noopener noreferrer\">tt olvashattok a k\u00f6nyvr\u0151l<\/a>.<\/p>\r\n<p>[gallery columns=\"1\" size=\"full\" ids=\"8300,8299,8298,8092\"]<\/p>\r\n<p><em>Az \u0151szi aj\u00e1nl\u00e1sok\u00e9rt k\u00f6sz\u00f6net illeti a\u00a0N\u00e9metorsz\u00e1g gy\u00f6ny\u00f6r\u0171 - n\u00e9met l\u00e1tnival\u00f3k facebook csoport tagjait.<\/em><\/p>","type":"rich","thumbnail_url":"https:\/\/eletsoja.cafeblog.hu\/files\/2017\/09\/weltenburg-abbey-684837_640-150x150.jpg","thumbnail_width":150,"thumbnail_height":150}

Élet sója

Bagó Tünde

Őszi úti célok Németországban

<p>Ebben az országban rengeteg a fa, soha nem is gondoltam, hogy ennyi - lelkesedett egy ismerősöm, amikor végig kellett autóznia Németországot északról délre és keletről nyugatra. Már önmagában ez a tény is elég lenne ahhoz, hogy Németországot ajánljam őszi célpontnak, hiszen a színes erdők látványa még a sokat látott turistát is lenyűgözi. </p>
<p>Arra gondoltam, hogy megkérdezem azokat a Németországban élő magyarokat, akik szeretnek kirándulni, nekik melyek a kedvenc kirándulási célpontjaik ősszel. Mert ugye már a múltkor is - <a href="https://eletsoja.cafeblog.hu/2017/08/22/bologna-a-tudos-kover-voros-varos/" target="_blank" rel="noopener noreferrer">Bologna kapcsán</a> - fejtegettem, hogy a legjobb idegenvezető mindig az, aki éppen az adott helyen lakik. </p>
<p>Magam is meglepődtem, hogy milyen csodás úti célok kerültek így a látókörömbe. A végén persze magam is jövök nektek egy szuper ajánlattal, nem fogjátok kitalálni melyik környékről. :-)</p>
<p><em><strong>Weltenburg kolostor a Duna partján</strong></em></p>
<p>Regensburg előtt, mielőtt még a Duna és a Rajna-Majna-Duna csatorna találkozna egymással található a Donaudruchbuch természetvédelmi terület, ahol a Duna egy csodás szűkületen halad át. Éppen itt, egy kanyarulatban helyezkedik el a Weltenburg kolostor. Nem mondom, jól választottak helyet a szerzetesek maguknak. Hajóval csodaszép látványt nyújtanak a partvidék sziklái és a környék erdői - ajánlja Dóra. Szerinte nemcsak hajóval, hanem kerékpárral is érdemes bejárni a környéket. Ha Regensburg városát már láttuk, akkor kukkantsunk be Kellheimba vagy Kallmüntzbe. Látványban Regensburg után is lesz részünk - leginkább hajóról -, amikor megpillantjuk a Wallhalla-t, az athéni Pantheont idéző templomot.</p>
<p>[gallery columns="1" size="full" ids="8301,8297,8296"]</p>
<p><em><strong>Saarschleife - azaz a Saar-folyó kanyarulatának vidéke</strong></em></p>
<p>Ahogyan Henriett írta nekem: "csodaszép minden évszakban, de talan az őszi színek adják meg az igazi hangulatát. A környék is gyönyörű, érdemes Mettlach-ot és Saarburgot is bebarangolni, a két kisváros közötti, a Saar folyó mentén lévő út pedig egyszerűen lélekemelő". Elég csak a fotókra ránézni, s már indulnánk is a Cloef sziklákhoz, ahonnan a legszebb panorámát kapjuk a Saar-folyó kanyarulatára. Saarburgban ki ne hagyjuk a várromot, ahonnan szintén csodás klátásban lehet részünk a városra és a közeli szőlőhegyekre. S innen már csak egy ugrás a legrégebbi német város Trier is.</p>
<p>[gallery columns="1" size="full" ids="8294,8292,8291,8290"]</p>
<p><em><strong>Herborn városa és környéke, Hessen</strong></em></p>
<p>Brigitta szerint Herborn, ez a történelmi város fagerendás házaival és a környéke minden évszakban csodás. Igen gazdag történelmi emlékekben, várakban a környék: Dillenburg és Marburg várait nem szabad kihagyni az erre járó turistának, ahogyan Greifenstein látogatható várát sem. Ősszel itt is a sok erdő még színesebbé teszi a tájat, s sok a túraútvonal is.</p>
<p>[gallery columns="1" size="full" ids="8289,8288,8287"]</p>
<p><strong><em>Allgäu - Bajorország</em></strong></p>
<p>Edina és József egyaránt ajánlotta Garmisch-Partenkirchen környékét, ott is két tavat, az Eibsee-t és a Plansee-t. Azt meghiszem, hogy a bajor Alpok környéke, Allgäu vidéke ősszel is csodás. Nemrég írtam nektek augusztusi otttartózkodásunkról, s elég csak ránéznem férjem azon fotójára, amelyet a Neuschwainstein kastély mellől készített a vidékről, s máris tudom, hogy pompázatos lehet, amikor elkezdenek sárgulni a levelek. József pedig egy drónfotót mutatott nekem, amelyről a Plansee kápráztat el bennünket, azt hiszem itt sem kérdéses, hogy ősszel jó választás ide kirándulni.</p>
<p>[gallery columns="1" size="full" ids="8286,8237,8236,8239"]</p>
<p><em><strong>Bodeni-tó - Dél-Németország</strong></em></p>
<p>S nem tudom kihagyni, hogy ajánljam nektek saját lakóhelyemet ősszel. A Bodeni-tó körül ilyenkor kezd érni az alma, a szőlő. Ha végigautóztok az északi parton, s betértek a gazdasági utakra, akkor nemcsak a tó és az Alpok, hanem az ültetvények szépsége is magával ragad majd titeket. Nem beszélve arról, hogy a tó körül rengeteg a jobbnál jobb múzeum, ahol napokat lehet eltölteni akkor is, ha esetleg esne az eső. Friedrichshafenben a repülők, s az iskolamúzeum, Dornbirnban a Rolls-Royce múzeum, Uhldingenben az autó és traktormúzeum, Stein am Rheinban a Lindwurm Múzeum, a Höriben a festők és írók múzeumai - hogy csak éppen néhányat említsek. Ha szeretnétek a tavat jobban megismerni, akkor olvassátok el a könyvemet, amely az egész vidéket - három országot érintő tájat - mutat be fotókkal, hasznos információkkal. A könyv kapható a Libri és Líra áruházaiban és online is, valamint közvetlenül a <a href="https://publioboox.com/hu_HU/a-bodeni-to" target="_blank" rel="noopener noreferrer">kiadónál itt</a>. S részletesen i<a href="https://eletsoja.cafeblog.hu/2017/08/08/igy-lett-egy-uttoros-kirandulasbol-utikonyv-a-bodeni-torol/" target="_blank" rel="noopener noreferrer">tt olvashattok a könyvről</a>.</p>
<p>[gallery columns="1" size="full" ids="8300,8299,8298,8092"]</p>
<p><em>Az őszi ajánlásokért köszönet illeti a Németország gyönyörű - német látnivalók facebook csoport tagjait.</em></p>
